to base 13
-32b0
Convert -101110111101111 (base 2) to base 4.
-11313233
What is -161 (base 11) in base 10?
-188
What is -17270 (base 8) in base 16?
-1eb8
What is -1111000111 (base 2) in base 9?
-1284
Convert 84a3 (base 13) to base 16.
47d1
What is 7a (base 12) in base 2?
1011110
What is -234551 (base 6) in base 15?
-612a
Convert -332 (base 6) to base 12.
-a8
What is 6566 (base 11) in base 8?
20727
Convert -12110100 (base 3) to base 16.
-f8a
What is 3169 (base 15) in base 14?
3b45
Convert 593b (base 16) to base 9.
34301
Convert -1366 (base 7) to base 10.
-538
What is -1a959 (base 12) in base 11?
-27651
What is 120203 (base 5) in base 4?
1011030
What is 1022310 (base 4) in base 10?
4788
Convert -122323 (base 5) to base 2.
-1001001101001
What is 567 (base 11) in base 15?
303
Convert -7b92 (base 15) to base 14.
-97c1
Convert -1011110111010 (base 2) to base 5.
-143244
-1120012 (base 3) to base 9
-1505
Convert 42625 (base 9) to base 3.
1102200212
What is 5378 (base 9) in base 11?
2a7a
Convert -242 (base 10) to base 4.
-3302
-2cc9 (base 14) to base 4
-1331101
14740 (base 9) to base 6
114400
Convert -111100011000 (base 2) to base 16.
-f18
What is -3424 (base 8) in base 2?
-11100010100
What is 5442 (base 11) in base 6?
53133
-12122 (base 4) to base 14
-214
What is -80a9 (base 14) in base 6?
-250153
Convert 112200011 (base 3) to base 9.
15604
5745 (base 12) to base 9
14268
9c0b (base 15) to base 13
120a1
What is -2201200 (base 3) in base 15?
-8c9
What is 12122120 (base 3) in base 4?
1000113
Convert -1724 (base 16) to base 7.
-23162
What is 54245 (base 7) in base 4?
3103010
122 (base 7) to base 13
50
-202012 (base 3) to base 11
-456
Convert 4a42 (base 11) to base 12.
3984
-223 (base 9) to base 16
-b7
29a0 (base 11) to base 9
5260
Convert 120020 (base 3) to base 8.
633
What is -2233 (base 5) in base 7?
-633
Convert -8a34 (base 13) to base 14.
-7073
What is -1221000102 (base 3) in base 15?
-b37e
-31030030 (base 4) to base 3
-2202010001
What is -30201 (base 4) in base 7?
-2223
What is -632 (base 8) in base 2?
-110011010
What is -7c5 (base 15) in base 16?
-6e0
Convert 26426 (base 9) to base 15.
5449
Convert 1023000 (base 4) to base 6.
34120
Convert -10616 (base 11) to base 8.
-36030
Convert -23284 (base 9) to base 8.
-36273
What is -2ab9 (base 12) in base 8?
-11655
-279 (base 10) to base 14
-15d
-70562 (base 9) to base 3
-2100122002
Convert 212 (base 14) to base 13.
255
11d4 (base 14) to base 5
100001
What is -dc (base 16) in base 14?
-11a
What is 101121201 (base 3) in base 14?
2b6d
Convert -10001011010 (base 2) to base 14.
-598
What is 1655 (base 8) in base 3?
1021212
174 (base 14) to base 5
2143
-b1c (base 14) to base 3
-2222211
What is -3532 (base 8) in base 9?
-2521
Convert 1020101 (base 3) to base 15.
401
Convert 1201 (base 7) to base 13.
280
What is -571 (base 8) in base 13?
-230
What is 585 (base 14) in base 13?
665
110010001101 (base 2) to base 12
1a39
Convert 526 (base 12) to base 8.
1356
What is 111000000010 (base 2) in base 12?
20aa
Convert -1001 (base 14) to base 6.
-20413
What is -4025 (base 8) in base 9?
-2748
-6c53 (base 13) to base 3
-202221212
Convert -2845 (base 12) to base 8.
-11065
What is 6600 (base 7) in base 12?
1440
What is 6ae3 (base 16) in base 4?
12223203
Convert 7a5 (base 11) to base 9.
1278
What is -7388 (base 11) in base 15?
-2d6b
104 (base 9) to base 15
5a
What is 6f5 (base 16) in base 5?
24111
Convert 11123 (base 8) to base 11.
3585
What is -626 (base 9) in base 7?
-1326
Convert 43603 (base 7) to base 10.
10930
What is -10010100011 (base 2) in base 12?
-82b
What is 113145 (base 7) in base 3?
1000212120
-6403 (base 7) to base 9
-3077
Convert -150 (base 14) to base 5.
-2031
-1221 (base 5) to base 9
-226
Convert -8b28 (base 13) to base 12.
-b325
Convert 28c (base 15) to base 2.
1001000110
What is -100110101110011 (base 2) in base 3?
-1000012100
What is be8 (base 16) in base 3?
11011220
What is -7982 (base 10) in base 2?
-1111100101110
-3160 (base 9) to base 7
-6525
-17a (base 12) to base 10
-238
What is -549 (base 15) in base 13?
-70b
Convert -31a48 (base 11) to base 3.
-2100210211
Convert -34103 (base 5) to base 11.
-1895
Convert -42944 (base 10) to base 7.
-236126
Convert -aa8 (base 12) to base 13.
-938
What is 154251 (base 6) in base 2?
11101101110111
-9281 (base 12) to base 10
-15937
-3b61 (base 13) to base 14
-3173
Convert -10110110000 (base 2) to base 16.
-5b0
What is -261 (base 13) in base 3?
-120110
-220220 (base 3) to base 11
-561
Convert 22442 (base 5) to base 9.
2202
2102122 (base 3) to base 14
908
-3132 (base 16) to base 13
-596a
6569 (base 11) to base 12
5022
1011100110110 (base 2) to base 12
3532
Convert -10220122 (base 3) to base 6.
-21112
Convert 11110011001001 (base 2) to base 6.
200013
6c4a (base 13) to base 11
10524
Convert -4331 (base 6) to base 2.
-1111011111
Convert a91 (base 11) to base 8.
2436
35a1 (base 11) to base 9
6412
-701e (base 16) to base 12
-1473a
What is 4219 (base 10) in base 2?
1000001111011
40121 (base 6) to base 3
21011211
Convert 4010123 (base 5) to base 11.
43501
2634 (base 8) to base 12
9b8
What is -2303 (base 12) in base 6?
-30003
Convert -472 (base 9) to base 13.
-23c
Convert -2742 (base 8) to base 7.
-4251
3b4 (base 14) to base 12
522
What is -100311 (base 6) in base 13?
-3790
What is 1001344 (base 5) in base 12?
9209
What is -92 (base 10) in base 12?
-78
What is -13332302 (base 4) in base 2?
-111111110110010
What is 110000100100011 (base 2) in base 9?
37100
What is -5775 (base 15) in base 10?
-18560
What is -13000210 (base 4) in base 9?
-43337
2ca (base 16) to base 6
3150
Convert -18b (base 12) to base 5.
-2001
What is 301 (base 9) in base 16?
f4
What is a6 (base 12) in base 6?
330
2547 (base 10) to base 11
1a06
Convert 434 (base 7) to base 4.
3131
-10221112 (base 4) to base 10
-19030
2066 (base 9) to base 15
6b3
What is 75476 (base 8) in base 9?
47245
-31202 (base 4) to base 9
-1162
-2e3 (base 15) to base 12
-473
-11a (base 16) to base 8
-432
What is -5613 (base 9) in base 16?
-102f
Convert -3b7 (base 12) to base 15.
-281
Convert 826 (base 13) to base 2.
10101101000
262520 (base 7) to base 12
24405
Convert 3142 (base 7) to base 2.
10001010100
-1308 (base 16) to base 4
-1030020
What is 2caa (base 14) in base 11?
6004
118 (base 10) to base 6
314
Convert 59b2 (base 12) to base 2.
10011101010110
2a87 (base 14) to base 7
31030
-11190 (base 13) to base 10
-31044
-836 (base 15) to base 5
-24401
11b9 (base 13) to base 2
100111010110
-55406 (base 9) to base 12
-19350
What is -20310 (base 5) in base 7?
-3610
122022221 (base 3) to base 9
18287
-110111101101 (base 2) to base 16
-ded
Convert 1242 (base 9) to base 14.
4a5
-16022 (base 7) to base 4
-1011323
234 (base 13) to base 14
1d3
What is 14816 (base 10) in base 8?
34740
-ad1 (base 15) to base 13
-1162
What is -103 (base 11) in base 12?
-a4
1a78 (base 14) to base 7
20011
Convert -2a71 (base 12) to base 11.
-3819
11101011 (base 2) to base 4
3223
Convert 3377 (base 8) to base 10.
1791
What is 6a (base 11) in base 16?
4c
Convert -177b (base 14) to base 8.
-10201
-965 (base 16) to base 13
-1130
-2300 (base 4) to base 13
-107
Convert 15243 (base 6) to base 3.
10101200
Convert -20607 (base 9) to base 3.
-200200021
-1101101 (base 2) to base 10
-109
Convert -201010 (base 3) to base 14.
-28c
Convert -7e1e (base 16) to base 12.
-16826
-13415 (base 7) to base 16
-e36
-5876 (base 9) to base 11
-3306
Convert -42260 (base 7) to base 8.
-24276
Convert -187 (base 15) to base 11.
-2a0
-14033 (base 6) to base 11
-1703
Convert -1001101001100 (base 2) to base 13.
-2330
Convert -835 (base 14) to base 3.
-2012211
Convert 77 (base 11) to base 9.
103
-202100 (base 3) to base 9
-670
1032321 (base 4) to base 10
5049
What is 60a (base 12) in base 6?
4014
What is 813 (base 12) in base 3?
1121020
Convert 128 (base 16) to base 11.
24a
What is 82b (base 14) in base 2?
11001000111
-424155 (base 6) to base 9
-52448
What is -12415 (base 8) in base 12?
-3151
23201 (base 9) to base 13
7072
Convert -515322 (base 6) to base 10.
-41378
Convert 8a (base 15) to base 6.
334
What is 143421 (base 5) in base 13?
2a21
What is 9445 (base 13) in base 3?
1001010111
Convert -13dbb (base 15) to base 4.
-33211223
Convert -1265 (base 9) to base 2.
-1110110110
264 (base 13) to base 11
352
406